ase 10?
620
Convert -1274 (base 9) to base 13.
-589
What is -4013 (base 5) in base 4?
-13330
What is -13434 (base 6) in base 14?
-aaa
What is -9c6 (base 14) in base 3?
-2122210
411 (base 5) to base 14
78
Convert 124 (base 8) to base 10.
84
What is -159d (base 14) in base 2?
-111100010111
What is 10712 (base 14) in base 12?
1b050
What is 1000101111000 (base 2) in base 5?
120342
What is -32001 (base 4) in base 11?
-746
-97c0 (base 16) to base 3
-1222021211
Convert -1340 (base 5) to base 2.
-11011100
What is 712 (base 11) in base 3?
1011212
-211210011 (base 3) to base 11
-1152a
-1111011010101010 (base 2) to base 12
-30662
Convert 101011100100 (base 2) to base 14.
1032
What is 818 (base 10) in base 13?
4ac
Convert 10423 (base 5) to base 15.
343
What is 458 (base 15) in base 5?
12413
Convert -83b (base 14) to base 6.
-11301
1435 (base 6) to base 14
1d5
Convert 1c49b (base 14) to base 9.
120114
Convert 820 (base 12) to base 15.
536
-10322 (base 7) to base 12
-1598
Convert -154161 (base 7) to base 3.
-1112112100
What is 767 (base 14) in base 10?
1463
-42010 (base 5) to base 12
-1717
Convert -145 (base 10) to base 12.
-101
Convert -19422 (base 11) to base 4.
-12213320
What is -1446 (base 10) in base 13?
-873
Convert -ab2 (base 16) to base 4.
-222302
What is 111110001 (base 2) in base 4?
13301
142522 (base 7) to base 15
818d
What is 1380 (base 9) in base 5?
13134
Convert 13be (base 15) to base 16.
1085
What is 910 (base 12) in base 16?
51c
2774 (base 13) to base 4
1120220
-1068 (base 10) to base 5
-13233
Convert 511332 (base 6) to base 3.
2001120202
Convert 15017 (base 10) to base 15.
46b2
Convert -10024131 (base 5) to base 9.
-131555
Convert -1030212 (base 4) to base 13.
-2301
Convert -1232332 (base 4) to base 13.
-3304
Convert 1107d (base 15) to base 2.
1101001101100110
What is 11103103 (base 4) in base 8?
52323
Convert -36a3 (base 13) to base 14.
-2b6a
3b8 (base 16) to base 10
952
Convert 2b7d (base 14) to base 13.
36b7
What is 22020022 (base 4) in base 16?
a20a
Convert -673 (base 12) to base 8.
-1667
What is 12638 (base 9) in base 13?
3b6c
Convert 11100111100 (base 2) to base 8.
3474
What is -41232 (base 5) in base 3?
-10200201
What is -134643 (base 9) in base 4?
-110003331
What is -ff73 (base 16) in base 5?
-4043040
What is a726 (base 12) in base 4?
10132032
254 (base 8) to base 12
124
Convert -614 (base 9) to base 3.
-200111
-c6 (base 13) to base 11
-138
Convert 623 (base 9) to base 13.
300
Convert 2a33 (base 13) to base 5.
144001
-1143341 (base 5) to base 14
-7cb7
546 (base 12) to base 5
11044
Convert -2051 (base 7) to base 12.
-502
Convert -121110201 (base 3) to base 9.
-17421
Convert -1331330 (base 4) to base 5.
-224220
What is 3002 (base 5) in base 10?
377
529 (base 16) to base 14
6a5
-22111010 (base 3) to base 7
-24015
116572 (base 8) to base 16
9d7a
40226 (base 7) to base 14
3786
Convert 2680 (base 11) to base 2.
110110010100
Convert 30568 (base 9) to base 10.
20150
-2aa2 (base 16) to base 14
-3d98
Convert 4615 (base 11) to base 12.
3616
What is 120343 (base 7) in base 8?
52433
What is 8880 (base 10) in base 16?
22b0
8ce (base 16) to base 9
3074
What is 7505 (base 9) in base 10?
5513
Convert 21311331 (base 4) to base 5.
2242232
Convert -1128 (base 9) to base 8.
-1504
Convert 3678 (base 13) to base 7.
31314
-439 (base 13) to base 10
-724
What is -1563 (base 8) in base 12?
-617
Convert -7895 (base 13) to base 7.
-100064
Convert -16bbb (base 14) to base 4.
-31331301
Convert -17b (base 14) to base 7.
-614
What is 10302310 (base 4) in base 10?
19636
Convert 1602 (base 8) to base 16.
382
Convert 8801 (base 9) to base 8.
14521
What is -10192 (base 11) in base 8?
-35017
What is 6042 (base 10) in base 5?
143132
21236 (base 8) to base 10
8862
What is 2316 (base 10) in base 9?
3153
1382 (base 12) to base 8
4322
-1213342 (base 5) to base 8
-54674
What is -22721 (base 9) in base 6?
-154114
Convert -42454 (base 8) to base 15.
-53a8
What is 113123 (base 4) in base 10?
1499
Convert 10100000 (base 2) to base 6.
424
What is -517 (base 14) in base 6?
-4345
Convert -cd3 (base 16) to base 13.
-1657
Convert -100110 (base 6) to base 13.
-3735
What is -443300 (base 5) in base 10?
-15450
-15556 (base 9) to base 16
-29a6
Convert 31b (base 13) to base 3.
201200
Convert 1dc51 (base 14) to base 8.
225337
23310 (base 5) to base 4
122221
Convert 18350 (base 11) to base 10.
25707
Convert -3f5 (base 16) to base 4.
-33311
Convert -49c1 (base 13) to base 6.
-120242
Convert -1655 (base 8) to base 13.
-575
Convert 516 (base 11) to base 13.
38b
Convert -5541 (base 6) to base 10.
-1285
Convert 53014 (base 6) to base 13.
3331
46304 (base 7) to base 15
3778
20020122 (base 3) to base 12
2775
Convert 520 (base 13) to base 12.
607
What is -405404 (base 6) in base 4?
-13321030
What is 353 (base 11) in base 16?
1a5
What is 36 (base 16) in base 11?
4a
Convert 120 (base 15) to base 11.
212
Convert 3a51 (base 13) to base 9.
12404
Convert -2334 (base 5) to base 16.
-158
-8b71 (base 12) to base 4
-3302011
Convert -e457 (base 15) to base 12.
-23ab4
-10262 (base 10) to base 13
-4895
Convert 111440 (base 5) to base 10.
3995
What is -1262 (base 8) in base 15?
-310
10021110 (base 4) to base 3
212021220
565 (base 9) to base 2
111010000
What is -10d02 (base 14) in base 10?
-40966
What is 9c6c (base 15) in base 2?
1000000110011001
Convert -1010111101011100 (base 2) to base 8.
-127534
Convert 210241 (base 6) to base 16.
4231
What is -4d65 (base 15) in base 10?
-16520
What is -2435 (base 15) in base 16?
-1e14
2959 (base 16) to base 5
314320
Convert -3312 (base 4) to base 2.
-11110110
What is -549 (base 14) in base 13?
-625
-1e19 (base 16) to base 2
-1111000011001
What is -8c7 (base 13) in base 9?
-2063
What is 15246 (base 8) in base 9?
10320
-227 (base 10) to base 4
-3203
32ab (base 15) to base 4
2213300
-212021202 (base 3) to base 13
-795b
What is 37160 (base 9) in base 13?
b460
Convert 1cb (base 15) to base 5.
3131
What is -385b (base 13) in base 2?
-1111101010011
What is 1011111010110 (base 2) in base 9?
8330
Convert -94b0 (base 12) to base 7.
-65256
Convert -100101000011110 (base 2) to base 3.
-222000202
Convert -125 (base 6) to base 14.
-3b
-11406 (base 8) to base 9
-6611
Convert -893 (base 16) to base 15.
-9b5
Convert 3523 (base 10) to base 2.
110111000011
Convert 2a (base 11) to base 15.
22
Convert 7102 (base 8) to base 6.
24522
Convert 3748 (base 9) to base 16.
aee
-102220 (base 3) to base 4
-11001
Convert 5ba4 (base 16) to base 8.
55644
Convert 65a (base 12) to base 7.
2503
What is 7042 (base 10) in base 2?
1101110000010
Convert -22011200 (base 3) to base 14.
-2258
What is 627 (base 9) in base 6?
2211
36535 (base 7) to base 3
111002001
What is 2405 (base 6) in base 14?
2d7
Convert 7430 (base 9) to base 8.
12516
Convert -baa (base 13) to base 8.
-3717
What is 7468 (base 11) in base 14?
3855
11003000 (base 4) to base 3
1001100122
Convert -27124 (base 8) to base 7.
-46402
Convert 3431 (base 5) to base 16.
1eb
320 (base 15) to base 12
4a9
What is 40b (base 15) in base 7?
2441
Convert 430 (base 6) to base 8.
242
What is a50 (base 15) in base 8?
4425
2a25 (base 11) to base 8
7473
What is 74161 (base 8) in base 9?
46258
3403 (base 14) to base 9
13331
Convert -82bb (base 14) to base 13.
-a326
What is 8563 (base 12) in base 3?
202001110
-1101110000 (base 2) to base 5
-12010
What is -112320 (base 4) in base 14?
-768
What is -2121011 (base 3) in base 5?
-30034
What is -110110001 (base 2) in base 11?
-364
Convert 21244 (base 8) to base 2.
10001010100100
Convert -32540 (base 7) to base 15.
-2642
Convert -681 (base 9) to base 14.
-2bd
122231 (base 6) to base 16
2a8b
Convert -2543 (base 7) to base 13.
-590
-17360 (base 9) to base 5
-340321
Convert -3b (base 13) to base 7.
-101
17a3 (base 16) to base 2
1011110100011
Convert 2a5 (base 15) to base 12.
425
-1041 (base 8) to base 7
-1406
Convert 10010011111010 (base 2) to base 7.
36412
Convert 31265 (base 8) to base 4.
3022311
838 (base 15) to base 6
12325
Convert 2b72 (base 13) to base 16.
18ca
What is -4332 (base 5) in base 2?
-1001010000
Convert -3160 (base 11) to base 14.
-1748
What is 2200000 (base 3) in base 15?
899
What is 124333 (base 6) in base 10?
11361
Convert 220411 (base 5) to base 15.
23c1
1725 (base 10) to base 4
122331
What is 565 (base 10)